{"id":42,"date":"2020-03-28T15:17:55","date_gmt":"2020-03-28T06:17:55","guid":{"rendered":"https:\/\/geo.kankyo.tohoku.ac.jp\/ier\/?page_id=42"},"modified":"2024-02-27T20:17:36","modified_gmt":"2024-02-27T11:17:36","slug":"paper","status":"publish","type":"page","link":"https:\/\/geo.kankyo.tohoku.ac.jp\/ier\/index.php\/paper\/","title":{"rendered":"\u516c\u8868\u8ad6\u6587(PUBLICATIONS)"},"content":{"rendered":"\n<h2 class=\"wp-block-heading has-large-font-size\">2024<\/h2>\n\n\n\n<p>Luis Salal\u00e1,, Jonathan Argueta, Jiajie Wanga, Noriaki Watanabe, Noriyoshi Tsuchiya, &#8220;Maximizing permeability of fractured volcanic rocks through chelating-agent-assisted and pH-controlled selective mineral dissolution&#8221;, Geothermics, 119(2024)102949,DOI: <a href=\"https:\/\/www.sciencedirect.com\/science\/article\/pii\/S0375650524000397?via%3Dihub\">https:\/\/doi.org\/10.1016\/j.geothermics.2024.102949<\/a><\/p>\n\n\n\n<h2 class=\"wp-block-heading has-large-font-size\">2023<\/h2>\n\n\n\n<p>Luis Salal\u00e1, Jonathan Argueta, Noel L\u00f3pez, Osmany Aparicio, Diana Mart\u00ednez, Pedro Santos , Arturo Quezada, Oziel Garc\u00eda, Jos\u00e9 Erazo, Hiroyuki Yamagishi, Noriyoshi Tsuchiya, &#8220;Comprehensive assessment of four volcano-hosted geothermal fields with<br>relation to tectonics and faults in El Salvador&#8221;, Geothermics 117 (2024) 102880, DOI: <a href=\"https:\/\/www.sciencedirect.com\/science\/article\/pii\/S0375650523002353?via%3Dihub\">https:\/\/doi.org\/10.1016\/j.geothermics.2023.102880<\/a><\/p>\n\n\n\n<p>Manzshir Bayarbold, Atsushi Okamoto, Masaoki Uno, Kenta, Yoshida, Alexey Kotov, Geri Agroli1, Otgonbayar Dandar, Yasuhiro Niwa, Masao Kimura, Noriyoshi Tsuchiya, &#8220;Multiphase\u2011solid fuid inclusions in HP\u2011LT eclogite facies rock (Zavkhan Terrane,<br>Western Mongolia): evidence for the evolution from saline to hypersaline fuids during metamorphism in subduction zone&#8221;. Contributions to Mineralogy and Petrology (2023) 178:85. DOI: <a href=\"https:\/\/link.springer.com\/article\/10.1007\/s00410-023-02055-3\">https:\/\/doi.org\/10.1007\/s00410-023-02055-3<\/a><\/p>\n\n\n\n<p>Luis Salala\u00b4, Ryota Takahashi, Jonathan Argueta, Jiajie Wang, Noriaki Watanabe, Noriyoshi Tsuchiya,<br>\u201cPermeability enhancement and void formation by chelating agent in volcanic rocks (Ahuachapan \u00b4 and Berl\u00edn geothermal fields, El Salvador) \u201c, Geothermics 107 (2023) 102586, DOI: <a href=\"https:\/\/doi.org\/10.1016\/j.geothermics.2022.102586\" target=\"_blank\" rel=\"noreferrer noopener\">https:\/\/doi.org\/10.1016\/j.geothermics.2022.102586<\/a><\/p>\n\n\n\n<p>Alexey Kotov, Sergey Smirnov, Ildar Nizametdinov, Masaoki Uno, Noriyoshi Tsuchiya and Ivan Maksimovich,<br>&#8220;Partial Melting under Shallow-Crustal Conditions: A Study of the Pleistocene Caldera Eruption of Mendeleev Volcano, Southern Kuril Island Arc&#8221;, Journal of Petrology, 2023, 64, 1\u201322 (2023) egad033, DOI: <a href=\"https:\/\/doi.org\/10.1093\/petrology\/egad033\">https:\/\/doi.org\/10.1093\/petrology\/egad033<\/a><\/p>\n\n\n\n<p>Otgonbayar Dandar, Atsushi Okamoto, Masaoki Uno and Noriyoshi Tsuchiya,<br>&#8220;Mantle hydration initiated by Ca metasomatism in a subduction zone: An example from the Chandman meta-peridotite, western Mongolia&#8221;, LITOHOS 452-453 (2023) 107212, DOI: <a href=\"https:\/\/doi.org\/10.1016\/j.lithos.2023.107212\">https:\/\/doi.org\/10.1016\/j.lithos.2023.107212<\/a><\/p>\n\n\n\n<p>Diana Mindaleva, Masaoki Uno and Noriyoshi Tsuchiya,<br>&#8220;Short-Lived and Voluminous Fluid-Flow in a Single Fracture Related to Seismic Events in the Middle Crust&#8221;, Geophysical Research Letters Volume 50, Issue 5&nbsp;(2023) 2022GL099892, DOI: <a href=\"https:\/\/doi.org\/10.1029\/2022GL099892\">https:\/\/doi.org\/10.1029\/2022GL099892<\/a><\/p>\n\n\n\n<p>Munetake Sasaki, Noriyoshi Tsuchiya,<br>&#8220;Geochemical modeling of a volcano-centered acidic geothermal fluid: Case study at Tamagawa hot spring, NE Japan&#8221;, Geothermics 114 (2023) 102788, DOI: <a href=\"https:\/\/doi.org\/10.1016\/j.geothermics.2023.102788\">https:\/\/doi.org\/10.1016\/j.geothermics.2023.102788<\/a><\/p>\n\n\n\n<p>Sena Kikuchi, Jiajie Wang, Otgonbayar Dandar, Masaoki Uno, Noriaki Watanabe, Nobuo Hirano and Noriyoshi Tsuchiya,<br>&#8220;NaHCO3 as a carrier of CO2 and its enhancement effect on mineralization during hydrothermal alteration of basalt&#8221;, Frontiers in Environmental Science (2023) 10.3389\/fenvs.2023.1138007, DOI: <a href=\"https:\/\/doi.org\/10.3389\/fenvs.2023.1138007\">https:\/\/doi.org\/10.3389\/fenvs.2023.1138007<\/a><\/p>\n\n\n\n<p>Nomuulin Amarbayar, Otgonbayar Dandar, Jiajie Wang, Atsushi Okamoto, Masaoki Uno, Undarmaa Batsaikhan, Hideko Takayanagi, Yasufumi Iryu and Noriyoshi Tsuchiya,<br>&#8220;Progressive carbonation and Ca\u2011metasomatism of serpentinized ultramafc rocks: insights from natural occurrences and hydrothermal experiments&#8221;, Contributions to Mineralogy and Petrology (2023) 178:38, DOI: <a href=\"https:\/\/doi.org\/10.1007\/s00410-023-02013-z\">https:\/\/doi.org\/10.1007\/s00410-023-02013-z<\/a><\/p>\n\n\n\n<p>Toshiaki Shimura, Yuki Harada, Geoffrey L. Frasert and Noriyoshi Tsuchiya,<br>&#8220;Decompressional spinel + plagioclase symplectite from Tenmondai Rock, L\u00fctzow\u2013Holm Complex, East Antarctica: Implications for the garnet\u2013aluminosilicate\u2013spinel\u2013plagioclase geobarometer&#8221;, Journal of Mineralogical and Petrological Sciences (2023) 118:S008, DOI: <a href=\"https:\/\/doi.org\/10.2465\/jmps.221130\">https:\/\/doi.org\/10.2465\/jmps.221130<\/a><\/p>\n\n\n\n<p>Masaoki Uno, Atsushi Okamoto, Takashi Akatsuka and Noriyoshi Tsuchiya,<br>&#8220;Continuous thermal structures of the present-day and contact-metamorphic geothermal systems revealed by drill cuttings in the Kakkonda geothermal field, Japan&#8221;, Geothermics 115 (2023) 102806 DOI: <a href=\"https:\/\/doi.org\/10.1016\/j.geothermics.2023.102806\">https:\/\/doi.org\/10.1016\/j.geothermics.2023.102806<\/a><\/p>\n\n\n\n<p>Shin-Ichi Yamasaki, Hiroyuki Yamagishi and Noriyoshi Tsuchiya,<br>&#8220;Major element analysis of geological samples with wavelength Dispersive X-ray Fluorescence (WDXRF) spectrometry using glass disks and pressed powder pellets&#8221;, SUSTAINABLE ENVIRONMENT 2023, VOL. 9, NO. 1, (2023) 2251805, DOI: <a href=\"https:\/\/doi.org\/10.1080\/27658511.2023.2251805\">https:\/\/doi.org\/10.1080\/27658511.2023.2251805<\/a><\/p>\n\n\n\n<p><\/p>\n\n\n\n<h2 class=\"wp-block-heading has-black-color has-text-color has-large-font-size\">2022<\/h2>\n\n\n\n<p>Fajar Febiani Amanda, Noriyoshi Tsuchiya, Vani Novita Alviani, Masaoki Uno, Ryoichi Yamada, Shota Shimizu, Ryosuke Oyanagi,<br>&#8220;High-temperature silicified zones as potential caprocks of supercritical geothermal reservoirs&#8221;, <br>Geothermics 105 (2022) 102475. DOI: <a href=\"https:\/\/doi.org\/10.1016\/j.geothermics.2022.102475\">https:\/\/doi.org\/10.1016\/j.geothermics.2022.102475<\/a><a rel=\"noreferrer noopener\" href=\"https:\/\/doi.org\/10.1016\/j.geothermics.2022.102475\" target=\"_blank\"><\/a><\/p>\n\n\n\n<p>Takashi Akatsuka, Ryoichi Saito, Tatsuya Kajiwara, Kazuyoshi Osada, Masaya Nagaso, Norihiro Watanabe, Noriyoshi Tsuchiya, Hiroshi Asanuma and Takurou Kanetsuki<br>&#8220;Geothermal geology and comprehensive temperature model based on surface and borehole geology in Sengan, Northeast Japan&#8221;, Geothermics 105 (2022) 102485.  DOI: <a href=\"https:\/\/doi.org\/10.1016\/j.geothermics.2022.102485\">https:\/\/doi.org\/10.1016\/j.geothermics.2022.102485<\/a><\/p>\n\n\n\n<p>Astin Nurdiana , Atsushi Okamoto , Masaoki Uno and Noriyoshi Tsuchiya<br>&#8220;Development of open transport of aqueous fluid from pegmatite revealed by trace elements in garnet&#8221;, Hindawi Geofluids Volume 2022, Article ID 8786250, 21 pages (2022) 8786250, DOI: <a href=\"https:\/\/doi.org\/10.1155\/2022\/8786250\">https:\/\/doi.org\/10.1155\/2022\/8786250<\/a><\/p>\n\n\n\n<p>Keiichi Ishizu, Yasuo Ogawa, Keishi Nunohara, Noriyoshi Tsuchiya, Masahiro Ichiki, Hideaki Hase, Wataru Kanda, Shinya Sakanaka, Yoshimori Honkura, Yuta Hino, Kaori Seki, Kuo Hsuan Tseng, Yusuke Yamaya, and Toru Mogi<br>&#8220;Estimation of spatial distribution and fluid fraction of a potential supercritical geothermal reservoir by magnetotelluric data: a case study from Yuzawa geothermal field, NE Japan&#8221;, Journal of Geophysical Research: Solid Earth (2022) 2021JB022911, DOI: <a href=\"https:\/\/doi.org\/10.1029\/2021JB022911\">https:\/\/doi.org\/10.1029\/2021JB022911<\/a><\/p>\n\n\n\n<p>Manzshir Bayarbold, Atsushi Okamoto, Otgonbayar Dandar, Masaoki Uno and Noriyoshi Tsuchiya<br>&#8220;Continental arc-derived eclogite in the Zavkhan Terrane, western Mongolia: Implications for the suture zone in the northern part of the Central Asian Orogenic Belt&#8221;, Journal of Asian Earth Sciences (2022) 105150, DOI:<a href=\" https:\/\/doi.org\/10.1016\/j.jseaes.2022.105150\"> https:\/\/doi.org\/10.1016\/j.jseaes.2022.105150<\/a><\/p>\n\n\n\n<p>Shuntaro Masuda, Kyle Bahr, NoriyoshiTsuchiya and TatsuyaTakemori<br>&#8220;Agent based simulation with data driven parameterization for evaluation of social acceptance of a geothermal development: a case study inTsuchiyu, Fukushima, Japan&#8221;, Scientifc Reports (2022) s41598-022-07272-7, DOI: <a href=\"https:\/\/doi.org\/10.1038\/s41598-022-07272-7\">https:\/\/doi.org\/10.1038\/s41598-022-07272-7<\/a><\/p>\n\n\n\n<p>Satoshi Matsuno, Masaoki Uno, Atsushi Okamoto and NoriyoshiTsuchiya<br>&#8220;Machine\u2011learning techniques for quantifying the protolith composition and mass transfer history of metabasalt&#8221;, Scientifc Reports (2022) 12:1385, DOI: <a href=\"https:\/\/doi.org\/10.1038\/s41598-022-05109-x\">https:\/\/doi.org\/10.1038\/s41598-022-05109-x<\/a><\/p>\n\n\n\n<p>Norihiro Watanabe, Toru Mogi, Yusuke Yamaya, Keigo Kitamura, Hiroshi Asanuma and Noriyoshi Tsuchiya<br>&#8220;Electrical conductivity of H2O-NaCl fluids under supercritical geothermal conditions and implications for deep conductors observed by the magnetotelluric method&#8221;, Geothermics 101 (2022) 102361, DOI: <a href=\"https:\/\/doi.org\/10.1016\/j.geothermics.2022.102361\">https:\/\/doi.org\/10.1016\/j.geothermics.2022.102361<\/a><\/p>\n\n\n\n<p>Alexey Kiryukhin and Noriyoshi Tsuchiya<br> &#8220;Hydro-Mechanical Modeling of Magma Injections in NE Sector of Mutnovsky Volcano (Kamchatka)&#8221;, PROCEEDINGS, 47th Workshop on Geothermal Reservoir Engineering (2022) SGP-TR-223<\/p>\n\n\n\n<p>Masaoki Uno, Kodai Koyanagawa, Hisamu Kasahara, Atsushi Okamoto and Noriyoshi Tsuchiya <br>&#8220;Volatile-consuming reactions fracture rocks and self-accelerate fluid flow in the lithosphere&#8221;, PNAS (2022) 2120776118, DOI:<a href=\"https:\/\/doi.org\/10.1073\/pnas.2110776118\">https:\/\/doi.org\/10.1073\/pnas.2110776118<\/a><\/p>\n\n\n\n<p><br><\/p>\n\n\n\n<p><a rel=\"noreferrer noopener\" href=\"https:\/\/doi.org\/10.1016\/j.geothermics.2022.102475\" target=\"_blank\"><\/a><\/p>\n\n\n\n<h2 class=\"wp-block-heading has-large-font-size\">2021<\/h2>\n\n\n\n<p>Vani Novita Alviani, Nobuo Hirano, Noriaki Watanabe, Masahiro Oba, Masaoki Uno, Noriyoshi Tsuchiya,<br> &#8220;Local initiative hydrogen production by utilization of aluminum waste materials and natural acidic hot-spring water&#8221;,<br> Applied Energy 293 (2021) 116909. DOI: <a href=\"https:\/\/doi.org\/10.1016\/j.apenergy.2021.116909 \">https:\/\/doi.org\/10.1016\/j.apenergy.2021.116909 <\/a><\/p>\n\n\n\n<p>A.V. Kiryukhin, A.Y. Polyakov, N.B. Zhuravlev, N. Tsuchiya, T.V. Rychkova, O.O. Usacheva, I.K. Dubrovskaya, <br>&#8220;Dynamics of natural discharge of the hydrothermal system and geyser eruption regime in the Valley of Geysers, Kamchatka&#8221;, Applied Geochemistry 136 (2022) 105166. DOI: <a href=\"https:\/\/doi.org\/10.1016\/j.apgeochem.2021.105166\">https:\/\/doi.org\/10.1016\/j.apgeochem.2021.105166<\/a><\/p>\n\n\n\n<p>Jiajie Wang, Noriaki Watanabe, Kosuke Inomoto, Masanobu Kamitakahara, Kengo Nakamura, Takeshi Komai, Noriyoshi Tsuchiya, &#8220;Enhancement of aragonite mineralization with a chelating agent for CO2 storage and utilization at low to moderate temperatures&#8221;, Scientific Reports, (2021) 11:13956.  DOI:<a href=\" https:\/\/doi.org\/10.1038\/s41598-021-93550-9\"> https:\/\/doi.org\/10.1038\/s41598-021-93550-9<\/a><\/p>\n\n\n\n<p>Ryota Goto, Noriaki Watanabe, Kiyotoshi Sakaguchi, Takahiro Miura, Youqing Chen, Takuya Ishibashi, Eko Pramudyo, Francesco Parisio, Keita Yoshioka, Kengo Nakamura, Takeshi Komai and Noriyoshi Tsuchiy<br>&#8220;Creating Cloud-Fracture Network by Flow-induced Microfracturing in Superhot Geothermal Environments&#8221;, Rock Mechanics and Rock Engineering (2021) 54:2959-2974. DOI: <a href=\"https:\/\/doi.org\/10.1007\/s00603-021-02416-z\">https:\/\/doi.org\/10.1007\/s00603-021-02416-z<\/a><\/p>\n\n\n\n<p>Amarbayar Nomuulin, Noriyoshi Tsuchiya, Dandar Otgonbayar, Atsushi Okamoto, Masaoki Uno, Batsaikhan Undarma and Jiajie Wang<br>&#8220;Multi-stage serpentinization of ultramafic rocks in the Manlay Ophiolite, southern Mongolia&#8221;, <br>Mongolian Geoscientist 26 (53) 1-17, (2021). DOI: <a href=\"https:\/\/doi.org\/10.5564\/mgs.v26i53.1787\">https:\/\/doi.org\/10.5564\/mgs.v26i53.1787<\/a><\/p>\n\n\n\n<p>Atsushi Okamoto, Hajime Ishii, Ryosuke Oyanagi and Noriyoshi Tsuchiya<br>&#8220;Albite\u2013K-feldspar\u2013quartz equilibria in hydrothermal fluids at 400, 420\u00b0C and 20\u201335 MPa: Experimental measurements and thermodynamic calculations&#8221;,  Geothermics 94 (2021) 102109. DOI: <a href=\"https:\/\/doi.org\/10.1016\/j.geothermics.2021.102109\">https:\/\/doi.org\/10.1016\/j.geothermics.2021.102109<\/a><\/p>\n\n\n\n<p>Takahiro Watanabe, Noriyoshi Tsuchiya, Akihisa Kitamura, Shin-ichi Yamasaki and Fumiko W. Nara<br>&#8220;Geochemical characteristics of paleotsunami deposits from the Shizuoka plain on the Pacific coast of middle Japan&#8221;, Geochemical Journal, Vol 55, pp.325 to 340,2021. DOI: <a href=\"https:\/\/doi.org\/10.2343\/geochemj.2.0641\">https:\/\/doi.org\/10.2343\/geochemj.2.0641<\/a><\/p>\n\n\n\n<p>Jiajie Wang, Noriaki Watanabe, Kosuke Inomoto, Masanobu Kamitakahara, Kengo Nakamura, Takeshi Komai and Noriyoshi Tsuchiya<br>&#8220;Sustainable process for enhanced CO2 mineralization of calcium silicates using a recyclable chelating agent under alkaline conditions&#8221;, Journal of Environmental Chemical Engineering 10 (2021) 107055. DOI: <a href=\"https:\/\/doi.org\/10.1016\/j.jece.2021.107055\">https:\/\/doi.org\/10.1016\/j.jece.2021.107055<\/a><\/p>\n\n\n\n<p>Astin Nurdiana, Atsushi Okamoto, Kenta Yoshida, Masaoki Uno, Takayoshi Nagaya and Noriyoshi Tsuchiya<br>&#8220;Multi-stage infiltration of Na- and K-rich fluids from pegmatites at mid-crustal depths as revealed by feldspar replacement textures&#8221;, Elservier (2021) 106096. DOI:<a href=\"https:\/\/doi.org\/10.1016\/j.lithos.2021.106096\">https:\/\/doi.org\/10.1016\/j.lithos.2021.106096<\/a><\/p>\n\n\n\n<p>Takahiro Watanabe, Chikako Ishii, Chika Ishizaka, Masakazu Niwa, Koji Shimada, Yuki Sawai, Noriyoshi Tsuchiya, Tetsuya Matsunaka, Shinya Ochiai and Fumiko W. Nara<br>&#8220;Quantitative and semi\u2013quantitative analyses using a portable energy dispersive X\u2013ray fluorescence spectrometer: Geochemical applications in fault rocks, lake sediments, and event deposits&#8221;, Journal of Mineralogical and Petrological Sciences, Volume 116, page 140\u2013158 (2021) 201224 DOI: <a href=\"https:\/\/doi.org\/10.2465\/jmps.201224\">https:\/\/doi.org\/10.2465\/jmps.201224<\/a><\/p>\n\n\n\n<p>Keishi Nunohara, Hiroki Okano, Ryoichi Yamada, Nobuo Hirano and Noriyoshi Tsuchiya<br>&#8220;Geothermal potential in southern part of the Sanzugawa Caldera, Akita Prefecture, Northeast Japan&#8221;, J. Geotherm. Res. Soc. Japan Vol. 43. No. 2\uff082021\uff09P.65 \u301c P.78<\/p>\n\n\n\n<p><\/p>\n\n\n\n<h2 class=\"wp-block-heading\">2020<\/h2>\n\n\n\n<p><\/p>\n\n\n\n<p>Diana Mindaleva, Masaoki Uno, Fumiko Higashino, Takayoshi Nagaya, Atsushi Okamoto, Noriyoshi Tsuchiya, &#8220;Rapid fluid infiltration and permeability enhancement during middle\u2013lower crustal fracturing: Evidence from amphibolite\u2013granulite-facies fluid\u2013rock reaction zones, S\u00f8r Rondane Mountains, East Antarctica&#8221;, Lithosv 372-373 (2020) 105521. DOI: <a href=\"https:\/\/doi.org\/10.1016\/j.lithos.2020.105521\">https:\/\/doi.org\/10.1016\/j.lithos.2020.105521<\/a><\/p>\n\n\n\n<p>Geri Agroli, Atsushi Okamoto, Masaoki Uno, Noriyoshi Tsuchiya, &#8220;Transport and Evolution of Supercritical Fluids During the Formation of the Erdenet Cu\u2013Mo Deposit, Mongolia&#8221;, Geosciences 2020, 10, 201.  DOI: <a href=\"https:\/\/doi.org\/10.3390\/geosciences10050201\">https:\/\/doi.org\/10.3390\/geosciences10050201<\/a><\/p>\n\n\n\n<p>Bayaraa Batkhishig, Bayarbold Manzshir, Baatar Munkhtsengel, Tsuchiya Noriyoshi, &#8220;PCA analysis of soil geochemical data and environmental assessment of the pre-mining Shuteen area, South Mongolia&#8221;, Mongolian Geoscientist 51 (2020) 21-39. DOI: <a href=\"https:\/\/doi.org\/10.5564\/mgs.v51i0.1459\">https:\/\/doi.org\/10.5564\/mgs.v51i0.1459<\/a><\/p>\n\n\n\n<p>Ryosuke Oyanagi, Atsushi Okamoto, Noriyoshi Tsuchiya, &#8220;Silica controls on hydration kinetics during serpentinization of olivine: Insights from hydrothermal experiments and a reactive transport model&#8221;, Geochimica et Cosmochimica Acta 270 (2020) 21-42. DOI:<a href=\" https:\/\/doi.org\/10.1016\/j.gca.2019.11.017\"> https:\/\/doi.org\/10.1016\/j.gca.2019.11.017<\/a><\/p>\n\n\n\n<p>Takahiro Watanabe, Noriyoshi Tsuchiya, Shin-ichi Yamasaki, Yuki Sawai, Norihiro Hosoda, Fumiko W. Nara, Toshio Nakamura, Takeshi Komai, &#8220;A geochemical approach for identifying marine incursions: Implications for tsunami geology on the Pacific coast of northeast Japan&#8221;, Applied Geochemistry 118 (2020) 104644. DOI:<a href=\" https:\/\/doi.org\/10.1016\/j.apgeochem.2020.104644\"> https:\/\/doi.org\/10.1016\/j.apgeochem.2020.104644<\/a><\/p>\n\n\n\n<p>Kazuki Yoshida, Atsushi Okamoto, Hiroyuki Shimizu, Ryosuke Oyanagi, Noriyoshi Tsuchiya, &#8220;Oman Drilling Project Phase 2 Science Party. Fluid Infiltration Through Oceanic Lower Crust in Response to Reaction-Induced Fracturing: Insights From Serpentinized Troctolite and Numerical Models&#8221;, Journal of Geophygical Research: Solid Earth , 2020. DOI: <a href=\"https:\/\/doi.org\/10.1029\/2020JB020268\">https:\/\/doi.org\/10.1029\/2020JB020268<\/a><\/p>\n\n\n\n<p><\/p>\n","protected":false},"excerpt":{"rendered":"<p>2024 Luis Salal\u00e1,, Jonathan Ar &#8230;<\/p>\n","protected":false},"author":1,"featured_media":0,"parent":0,"menu_order":0,"comment_status":"closed","ping_status":"closed","template":"","meta":{"footnotes":""},"class_list":["post-42","page","type-page","status-publish","hentry"],"_links":{"self":[{"href":"https:\/\/geo.kankyo.tohoku.ac.jp\/ier\/index.php\/wp-json\/wp\/v2\/pages\/42","targetHints":{"allow":["GET"]}}],"collection":[{"href":"https:\/\/geo.kankyo.tohoku.ac.jp\/ier\/index.php\/wp-json\/wp\/v2\/pages"}],"about":[{"href":"https:\/\/geo.kankyo.tohoku.ac.jp\/ier\/index.php\/wp-json\/wp\/v2\/types\/page"}],"author":[{"embeddable":true,"href":"https:\/\/geo.kankyo.tohoku.ac.jp\/ier\/index.php\/wp-json\/wp\/v2\/users\/1"}],"replies":[{"embeddable":true,"href":"https:\/\/geo.kankyo.tohoku.ac.jp\/ier\/index.php\/wp-json\/wp\/v2\/comments?post=42"}],"version-history":[{"count":33,"href":"https:\/\/geo.kankyo.tohoku.ac.jp\/ier\/index.php\/wp-json\/wp\/v2\/pages\/42\/revisions"}],"predecessor-version":[{"id":1059,"href":"https:\/\/geo.kankyo.tohoku.ac.jp\/ier\/index.php\/wp-json\/wp\/v2\/pages\/42\/revisions\/1059"}],"wp:attachment":[{"href":"https:\/\/geo.kankyo.tohoku.ac.jp\/ier\/index.php\/wp-json\/wp\/v2\/media?parent=42"}],"curies":[{"name":"wp","href":"https:\/\/api.w.org\/{rel}","templated":true}]}}